[INFO] cloning repository https://github.com/CUTEQWQ/rust-package-handler
[INFO] running `Command { std: "git" "-c" "credential.helper=" "-c" "credential.helper=/workspace/cargo-home/bin/git-credential-null" "clone" "--bare" "https://github.com/CUTEQWQ/rust-package-handler" "/workspace/cache/git-repos/https%3A%2F%2Fgithub.com%2FCUTEQWQ%2Frust-package-handler", kill_on_drop: false }`
[INFO] [stderr] Cloning into bare repository '/workspace/cache/git-repos/https%3A%2F%2Fgithub.com%2FCUTEQWQ%2Frust-package-handler'...
[INFO] running `Command { std: "git" "rev-parse" "HEAD", kill_on_drop: false }`
[INFO] [stdout] 451ac47b6317cd172036fb77c879cf6090c76022
[INFO] checking CUTEQWQ/rust-package-handler against try#72f88fc4e9458f89516a0b8b0868f3718aec5b47 for pr-74989
[INFO] running `Command { std: "git" "clone" "/workspace/cache/git-repos/https%3A%2F%2Fgithub.com%2FCUTEQWQ%2Frust-package-handler" "/workspace/builds/worker-4/source", kill_on_drop: false }`
[INFO] [stderr] Cloning into '/workspace/builds/worker-4/source'...
[INFO] [stderr] done.
[INFO] validating manifest of git repo https://github.com/CUTEQWQ/rust-package-handler on toolchain 72f88fc4e9458f89516a0b8b0868f3718aec5b47
[INFO] running `Command { std: "/workspace/cargo-home/bin/cargo" "+72f88fc4e9458f89516a0b8b0868f3718aec5b47" "read-manifest" "--manifest-path" "Cargo.toml", kill_on_drop: false }`
[INFO] started tweaking git repo https://github.com/CUTEQWQ/rust-package-handler
[INFO] finished tweaking git repo https://github.com/CUTEQWQ/rust-package-handler
[INFO] tweaked toml for git repo https://github.com/CUTEQWQ/rust-package-handler written to /workspace/builds/worker-4/source/Cargo.toml
[INFO] crate git repo https://github.com/CUTEQWQ/rust-package-handler already has a lockfile, it will not be regenerated
[INFO] running `Command { std: "/workspace/cargo-home/bin/cargo" "+72f88fc4e9458f89516a0b8b0868f3718aec5b47" "fetch" "--locked" "--manifest-path" "Cargo.toml", kill_on_drop: false }`
[INFO] running `Command { std: "docker" "create" "-v" "/var/lib/crater-agent-workspace/builds/worker-4/target:/opt/rustwide/target:rw,Z" "-v" "/var/lib/crater-agent-workspace/builds/worker-4/source:/opt/rustwide/workdir:ro,Z" "-v" "/var/lib/crater-agent-workspace/cargo-home:/opt/rustwide/cargo-home:ro,Z" "-v" "/var/lib/crater-agent-workspace/rustup-home:/opt/rustwide/rustup-home:ro,Z" "-e" "SOURCE_DIR=/opt/rustwide/workdir" "-e" "CARGO_TARGET_DIR=/opt/rustwide/target" "-e" "CARGO_HOME=/opt/rustwide/cargo-home" "-e" "RUSTUP_HOME=/opt/rustwide/rustup-home" "-w" "/opt/rustwide/workdir" "-m" "1610612736" "--user" "0:0" "--network" "none" "rustops/crates-build-env@sha256:d92eaeed33fa75130ca1ee6c8a01d1ffb62bac859dfdfb3450e3e5d1c0146529" "/opt/rustwide/cargo-home/bin/cargo" "+72f88fc4e9458f89516a0b8b0868f3718aec5b47" "metadata" "--no-deps" "--format-version=1", kill_on_drop: false }`
[INFO] [stdout] b2fe40d787e6bbc960dc080e6cd23bf53132609a1749c59efee273c827873af1
[INFO] [stderr] WARNING: Your kernel does not support swap limit capabilities or the cgroup is not mounted. Memory limited without swap.
[INFO] running `Command { std: "docker" "start" "-a" "b2fe40d787e6bbc960dc080e6cd23bf53132609a1749c59efee273c827873af1", kill_on_drop: false }`
[INFO] running `Command { std: "docker" "inspect" "b2fe40d787e6bbc960dc080e6cd23bf53132609a1749c59efee273c827873af1", kill_on_drop: false }`
[INFO] running `Command { std: "docker" "rm" "-f" "b2fe40d787e6bbc960dc080e6cd23bf53132609a1749c59efee273c827873af1", kill_on_drop: false }`
[INFO] [stdout] b2fe40d787e6bbc960dc080e6cd23bf53132609a1749c59efee273c827873af1
[INFO] running `Command { std: "docker" "create" "-v" "/var/lib/crater-agent-workspace/builds/worker-4/target:/opt/rustwide/target:rw,Z" "-v" "/var/lib/crater-agent-workspace/builds/worker-4/source:/opt/rustwide/workdir:ro,Z" "-v" "/var/lib/crater-agent-workspace/cargo-home:/opt/rustwide/cargo-home:ro,Z" "-v" "/var/lib/crater-agent-workspace/rustup-home:/opt/rustwide/rustup-home:ro,Z" "-e" "SOURCE_DIR=/opt/rustwide/workdir" "-e" "CARGO_TARGET_DIR=/opt/rustwide/target" "-e" "CARGO_INCREMENTAL=0" "-e" "RUST_BACKTRACE=full" "-e" "RUSTFLAGS=--cap-lints=forbid" "-e" "CARGO_HOME=/opt/rustwide/cargo-home" "-e" "RUSTUP_HOME=/opt/rustwide/rustup-home" "-w" "/opt/rustwide/workdir" "-m" "1610612736" "--user" "0:0" "--network" "none" "rustops/crates-build-env@sha256:d92eaeed33fa75130ca1ee6c8a01d1ffb62bac859dfdfb3450e3e5d1c0146529" "/opt/rustwide/cargo-home/bin/cargo" "+72f88fc4e9458f89516a0b8b0868f3718aec5b47" "check" "--frozen" "--all" "--all-targets" "--message-format=json", kill_on_drop: false }`
[INFO] [stdout] c02e7f3f4679155030305150eb5b6f0d971d64d43401e85c9c8a5d22f5169afd
[INFO] [stderr] WARNING: Your kernel does not support swap limit capabilities or the cgroup is not mounted. Memory limited without swap.
[INFO] running `Command { std: "docker" "start" "-a" "c02e7f3f4679155030305150eb5b6f0d971d64d43401e85c9c8a5d22f5169afd", kill_on_drop: false }`
[INFO] [stderr]     Checking libc v0.2.30
[INFO] [stderr]     Checking cfg-if v0.1.2
[INFO] [stderr]     Checking lazycell v0.5.1
[INFO] [stderr]     Checking slab v0.3.0
[INFO] [stderr]     Checking log v0.3.8
[INFO] [stderr]     Checking net2 v0.2.31
[INFO] [stderr]     Checking iovec v0.1.0
[INFO] [stderr]     Checking mio v0.6.10
[INFO] [stderr]     Checking package_handler v0.1.0 (/opt/rustwide/workdir)
[INFO] [stdout] error[E0433]: failed to resolve: use of undeclared type or module `c`
[INFO] [stdout]    --> src/lib.rs:168:9
[INFO] [stdout]     |
[INFO] [stdout] 168 |         c::send(*stream.inner.as_inner(),
[INFO] [stdout]     |         ^ use of undeclared type or module `c`
[INFO] [stdout] 
[INFO] [stdout] 
[INFO] [stdout] error[E0433]: failed to resolve: use of undeclared type or module `c`
[INFO] [stdout]    --> src/lib.rs:168:9
[INFO] [stdout]     |
[INFO] [stdout] 168 |         c::send(*stream.inner.as_inner(),
[INFO] [stdout]     |         ^ use of undeclared type or module `c`
[INFO] [stdout] 
[INFO] [stdout] 
[INFO] [stdout] error[E0412]: cannot find type `wrlen_t` in this scope
[INFO] [stdout]    --> src/lib.rs:166:28
[INFO] [stdout]     |
[INFO] [stdout] 166 |     let len = buf.len() as wrlen_t;
[INFO] [stdout]     |                            ^^^^^^^ not found in this scope
[INFO] [stdout]     |
[INFO] [stdout] help: consider importing this type alias
[INFO] [stdout]     |
[INFO] [stdout] 2   | use io::sys::net::wrlen_t;
[INFO] [stdout]     |
[INFO] [stdout] 
[INFO] [stdout] 
[INFO] [stdout] error[E0425]: cannot find function `cvt` in this scope
[INFO] [stdout]    --> src/lib.rs:167:15
[INFO] [stdout]     |
[INFO] [stdout] 167 |     let ret = cvt(unsafe {
[INFO] [stdout]     |               ^^^ not found in this scope
[INFO] [stdout]     |
[INFO] [stdout] help: consider importing one of these items
[INFO] [stdout]     |
[INFO] [stdout] 2   | use io::sys::cvt;
[INFO] [stdout]     |
[INFO] [stdout] 2   | use udp::sys::unix::cvt;
[INFO] [stdout]     |
[INFO] [stdout] 
[INFO] [stdout] 
[INFO] [stdout] error[E0412]: cannot find type `c_void` in this scope
[INFO] [stdout]    --> src/lib.rs:169:40
[INFO] [stdout]     |
[INFO] [stdout] 169 |                 buf.as_ptr() as *const c_void,
[INFO] [stdout]     |                                        ^^^^^^ not found in this scope
[INFO] [stdout]     |
[INFO] [stdout] help: consider importing this enum
[INFO] [stdout]     |
[INFO] [stdout] 2   | use std::os::raw::c_void;
[INFO] [stdout]     |
[INFO] [stdout] 
[INFO] [stdout] 
[INFO] [stdout] error[E0425]: cannot find value `MSG_NOSIGNAL` in this scope
[INFO] [stdout]    --> src/lib.rs:171:17
[INFO] [stdout]     |
[INFO] [stdout] 171 |                 MSG_NOSIGNAL)
[INFO] [stdout]     |                 ^^^^^^^^^^^^ not found in this scope
[INFO] [stdout]     |
[INFO] [stdout] help: consider importing this constant
[INFO] [stdout]     |
[INFO] [stdout] 2   | use io::lazy::sys_common::net::MSG_NOSIGNAL;
[INFO] [stdout]     |
[INFO] [stdout] 
[INFO] [stdout] 
[INFO] [stdout] warning: unused import: `mio::*`
[INFO] [stdout]  --> src/lib.rs:2:5
[INFO] [stdout]   |
[INFO] [stdout] 2 | use mio::*;
[INFO] [stdout]   |     ^^^^^^
[INFO] [stdout]   |
[INFO] [stdout]   = note: `#[warn(unused_imports)]` on by default
[INFO] [stdout] 
[INFO] [stdout] 
[INFO] [stdout] warning: unused import: `mio::channel`
[INFO] [stdout]  --> src/lib.rs:3:5
[INFO] [stdout]   |
[INFO] [stdout] 3 | use mio::channel;
[INFO] [stdout]   |     ^^^^^^^^^^^^
[INFO] [stdout] 
[INFO] [stdout] 
[INFO] [stdout] warning: unused import: `std::cmp::PartialEq`
[INFO] [stdout]   --> src/lib.rs:10:5
[INFO] [stdout]    |
[INFO] [stdout] 10 | use std::cmp::PartialEq;
[INFO] [stdout]    |     ^^^^^^^^^^^^^^^^^^^
[INFO] [stdout] 
[INFO] [stdout] 
[INFO] [stdout] error[E0412]: cannot find type `wrlen_t` in this scope
[INFO] [stdout]    --> src/lib.rs:166:28
[INFO] [stdout]     |
[INFO] [stdout] 166 |     let len = buf.len() as wrlen_t;
[INFO] [stdout]     |                            ^^^^^^^ not found in this scope
[INFO] [stdout]     |
[INFO] [stdout] help: consider importing this type alias
[INFO] [stdout]     |
[INFO] [stdout] 2   | use io::sys::net::wrlen_t;
[INFO] [stdout]     |
[INFO] [stdout] 
[INFO] [stdout] 
[INFO] [stdout] error[E0425]: cannot find function `cvt` in this scope
[INFO] [stdout]    --> src/lib.rs:167:15
[INFO] [stdout]     |
[INFO] [stdout] 167 |     let ret = cvt(unsafe {
[INFO] [stdout]     |               ^^^ not found in this scope
[INFO] [stdout]     |
[INFO] [stdout] help: consider importing one of these items
[INFO] [stdout]     |
[INFO] [stdout] 2   | use io::sys::cvt;
[INFO] [stdout]     |
[INFO] [stdout] 2   | use udp::sys::unix::cvt;
[INFO] [stdout]     |
[INFO] [stdout] 
[INFO] [stdout] 
[INFO] [stdout] error[E0412]: cannot find type `c_void` in this scope
[INFO] [stdout]    --> src/lib.rs:169:40
[INFO] [stdout]     |
[INFO] [stdout] 169 |                 buf.as_ptr() as *const c_void,
[INFO] [stdout]     |                                        ^^^^^^ not found in this scope
[INFO] [stdout]     |
[INFO] [stdout] help: consider importing this enum
[INFO] [stdout]     |
[INFO] [stdout] 2   | use std::os::raw::c_void;
[INFO] [stdout]     |
[INFO] [stdout] 
[INFO] [stdout] 
[INFO] [stdout] error[E0425]: cannot find value `MSG_NOSIGNAL` in this scope
[INFO] [stdout]    --> src/lib.rs:171:17
[INFO] [stdout]     |
[INFO] [stdout] 171 |                 MSG_NOSIGNAL)
[INFO] [stdout]     |                 ^^^^^^^^^^^^ not found in this scope
[INFO] [stdout]     |
[INFO] [stdout] help: consider importing this constant
[INFO] [stdout]     |
[INFO] [stdout] 2   | use io::lazy::sys_common::net::MSG_NOSIGNAL;
[INFO] [stdout]     |
[INFO] [stdout] 
[INFO] [stdout] 
[INFO] [stdout] warning: unused import: `mio::*`
[INFO] [stdout]  --> src/lib.rs:2:5
[INFO] [stdout]   |
[INFO] [stdout] 2 | use mio::*;
[INFO] [stdout]   |     ^^^^^^
[INFO] [stdout]   |
[INFO] [stdout]   = note: `#[warn(unused_imports)]` on by default
[INFO] [stdout] 
[INFO] [stdout] 
[INFO] [stdout] warning: unused import: `mio::channel`
[INFO] [stdout]  --> src/lib.rs:3:5
[INFO] [stdout]   |
[INFO] [stdout] 3 | use mio::channel;
[INFO] [stdout]   |     ^^^^^^^^^^^^
[INFO] [stdout] 
[INFO] [stdout] 
[INFO] [stdout] warning: unused import: `std::cmp::PartialEq`
[INFO] [stdout]   --> src/lib.rs:10:5
[INFO] [stdout]    |
[INFO] [stdout] 10 | use std::cmp::PartialEq;
[INFO] [stdout]    |     ^^^^^^^^^^^^^^^^^^^
[INFO] [stdout] 
[INFO] [stdout] 
[INFO] [stdout] warning: unused import: `std::cell::RefCell`
[INFO] [stdout]   --> src/lib.rs:14:5
[INFO] [stdout]    |
[INFO] [stdout] 14 | use std::cell::RefCell;
[INFO] [stdout]    |     ^^^^^^^^^^^^^^^^^^
[INFO] [stdout] 
[INFO] [stdout] 
[INFO] [stdout] warning: unused import: `std::time::Duration`
[INFO] [stdout]   --> src/lib.rs:15:5
[INFO] [stdout]    |
[INFO] [stdout] 15 | use std::time::Duration;
[INFO] [stdout]    |     ^^^^^^^^^^^^^^^^^^^
[INFO] [stdout] 
[INFO] [stdout] 
[INFO] [stdout] warning: type `mystream` should have an upper camel case name
[INFO] [stdout]    --> src/lib.rs:177:12
[INFO] [stdout]     |
[INFO] [stdout] 177 | pub struct mystream {
[INFO] [stdout]     |            ^^^^^^^^ help: convert the identifier to upper camel case: `Mystream`
[INFO] [stdout]     |
[INFO] [stdout]     = note: `#[warn(non_camel_case_types)]` on by default
[INFO] [stdout] 
[INFO] [stdout] 
[INFO] [stdout] warning: unused import: `super::write_all`
[INFO] [stdout]    --> src/lib.rs:197:9
[INFO] [stdout]     |
[INFO] [stdout] 197 |     use super::write_all;
[INFO] [stdout]     |         ^^^^^^^^^^^^^^^^
[INFO] [stdout] 
[INFO] [stdout] 
[INFO] [stdout] warning: unused import: `std::cell::RefCell`
[INFO] [stdout]   --> src/lib.rs:14:5
[INFO] [stdout]    |
[INFO] [stdout] 14 | use std::cell::RefCell;
[INFO] [stdout]    |     ^^^^^^^^^^^^^^^^^^
[INFO] [stdout] 
[INFO] [stdout] 
[INFO] [stdout] warning: unused import: `std::time::Duration`
[INFO] [stdout]   --> src/lib.rs:15:5
[INFO] [stdout]    |
[INFO] [stdout] 15 | use std::time::Duration;
[INFO] [stdout]    |     ^^^^^^^^^^^^^^^^^^^
[INFO] [stdout] 
[INFO] [stdout] 
[INFO] [stdout] warning: type `mystream` should have an upper camel case name
[INFO] [stdout]    --> src/lib.rs:177:12
[INFO] [stdout]     |
[INFO] [stdout] 177 | pub struct mystream {
[INFO] [stdout]     |            ^^^^^^^^ help: convert the identifier to upper camel case: `Mystream`
[INFO] [stdout]     |
[INFO] [stdout]     = note: `#[warn(non_camel_case_types)]` on by default
[INFO] [stdout] 
[INFO] [stdout] 
[INFO] [stdout] warning: unused import: `super::write_all`
[INFO] [stdout]    --> src/lib.rs:197:9
[INFO] [stdout]     |
[INFO] [stdout] 197 |     use super::write_all;
[INFO] [stdout]     |         ^^^^^^^^^^^^^^^^
[INFO] [stdout] 
[INFO] [stdout] 
[INFO] [stdout] warning: use of deprecated module `mio::channel`: use mio-more instead
[INFO] [stdout]  --> src/lib.rs:3:5
[INFO] [stdout]   |
[INFO] [stdout] 3 | use mio::channel;
[INFO] [stdout]   |     ^^^^^^^^^^^^
[INFO] [stdout]   |
[INFO] [stdout]   = note: `#[warn(deprecated)]` on by default
[INFO] [stdout] 
[INFO] [stdout] 
[INFO] [stdout] warning: use of deprecated module `mio::channel`: use mio-more instead
[INFO] [stdout]  --> src/lib.rs:3:5
[INFO] [stdout]   |
[INFO] [stdout] 3 | use mio::channel;
[INFO] [stdout]   |     ^^^^^^^^^^^^
[INFO] [stdout]   |
[INFO] [stdout]   = note: `#[warn(deprecated)]` on by default
[INFO] [stdout] 
[INFO] [stdout] 
[INFO] [stdout] error[E0609]: no field `inner` on type `&std::net::TcpStream`
[INFO] [stdout]    --> src/lib.rs:168:25
[INFO] [stdout]     |
[INFO] [stdout] 168 |         c::send(*stream.inner.as_inner(),
[INFO] [stdout]     |                         ^^^^^ unknown field
[INFO] [stdout] 
[INFO] [stdout] 
[INFO] [stdout] error: aborting due to 6 previous errors; 8 warnings emitted
[INFO] [stdout] 
[INFO] [stdout] 
[INFO] [stdout] Some errors have detailed explanations: E0412, E0425, E0433, E0609.
[INFO] [stdout] 
[INFO] [stdout] For more information about an error, try `rustc --explain E0412`.
[INFO] [stdout] 
[INFO] [stdout] error[E0609]: no field `inner` on type `&std::net::TcpStream`
[INFO] [stdout]    --> src/lib.rs:168:25
[INFO] [stdout]     |
[INFO] [stdout] 168 |         c::send(*stream.inner.as_inner(),
[INFO] [stdout]     |                         ^^^^^ unknown field
[INFO] [stdout] 
[INFO] [stdout] 
[INFO] [stdout] error: aborting due to 6 previous errors; 8 warnings emitted
[INFO] [stdout] 
[INFO] [stdout] 
[INFO] [stdout] Some errors have detailed explanations: E0412, E0425, E0433, E0609.
[INFO] [stdout] 
[INFO] [stdout] For more information about an error, try `rustc --explain E0412`.
[INFO] [stdout] 
[INFO] [stderr] error: could not compile `package_handler`.
[INFO] [stderr] 
[INFO] [stderr] To learn more, run the command again with --verbose.
[INFO] [stderr] warning: build failed, waiting for other jobs to finish...
[INFO] [stderr] error: build failed
[INFO] running `Command { std: "docker" "inspect" "c02e7f3f4679155030305150eb5b6f0d971d64d43401e85c9c8a5d22f5169afd", kill_on_drop: false }`
[INFO] running `Command { std: "docker" "rm" "-f" "c02e7f3f4679155030305150eb5b6f0d971d64d43401e85c9c8a5d22f5169afd", kill_on_drop: false }`
[INFO] [stdout] c02e7f3f4679155030305150eb5b6f0d971d64d43401e85c9c8a5d22f5169afd
